at is the ten thousands digit of 22372866?
7
What is the thousands digit of 2188656?
8
What is the thousands digit of 305701?
5
What is the thousands digit of 13994467?
4
What is the ten thousands digit of 3920663?
2
What is the thousands digit of 1955711?
5
What is the ten thousands digit of 4029715?
2
What is the ten thousands digit of 34844?
3
What is the millions digit of 8786554?
8
What is the hundred thousands digit of 4589655?
5
What is the tens digit of 1749718?
1
What is the hundred thousands digit of 8365762?
3
What is the hundred thousands digit of 9210460?
2
What is the millions digit of 4536781?
4
What is the thousands digit of 205483?
5
What is the ten millions digit of 12444591?
1
What is the ten thousands digit of 226705?
2
What is the thousands digit of 455486?
5
What is the ten thousands digit of 7740674?
4
What is the hundreds digit of 3581330?
3
What is the hundred thousands digit of 5197590?
1
What is the thousands digit of 2055417?
5
What is the units digit of 19592464?
4
What is the ten thousands digit of 2927001?
2
What is the thousands digit of 26492710?
2
What is the tens digit of 4836603?
0
What is the units digit of 1026244?
4
What is the ten thousands digit of 10023024?
2
What is the hundred thousands digit of 6803794?
8
What is the hundreds digit of 459416?
4
What is the thousands digit of 585661?
5
What is the tens digit of 833061?
6
What is the tens digit of 11816904?
0
What is the hundred thousands digit of 1782758?
7
What is the units digit of 1061924?
4
What is the tens digit of 3416464?
6
What is the units digit of 522275?
5
What is the hundreds digit of 88737?
7
What is the tens digit of 343631?
3
What is the tens digit of 15676453?
5
What is the millions digit of 8205429?
8
What is the hundred thousands digit of 351327?
3
What is the units digit of 13097?
7
What is the units digit of 7963490?
0
What is the tens digit of 2003208?
0
What is the hundred thousands digit of 4247277?
2
What is the units digit of 3066121?
1
What is the ten thousands digit of 94535?
9
What is the tens digit of 10185912?
1
What is the ten thousands digit of 2967270?
6
What is the ten thousands digit of 3009219?
0
What is the thousands digit of 3155457?
5
What is the tens digit of 128377?
7
What is the ten thousands digit of 16372975?
7
What is the units digit of 187913?
3
What is the ten thousands digit of 383632?
8
What is the ten thousands digit of 2180364?
8
What is the hundreds digit of 555941?
9
What is the hundred thousands digit of 13677939?
6
What is the millions digit of 6240162?
6
What is the thousands digit of 324779?
4
What is the ten thousands digit of 743517?
4
What is the hundreds digit of 18286319?
3
What is the thousands digit of 1756240?
6
What is the ten millions digit of 23671996?
2
What is the thousands digit of 3618210?
8
What is the thousands digit of 18512568?
2
What is the ten thousands digit of 29157260?
5
What is the hundreds digit of 4649879?
8
What is the millions digit of 4870604?
4
What is the millions digit of 8889814?
8
What is the millions digit of 4152424?
4
What is the hundred thousands digit of 6787687?
7
What is the hundreds digit of 167616?
6
What is the units digit of 10103874?
4
What is the thousands digit of 12700?
2
What is the tens digit of 56953?
5
What is the hundred thousands digit of 523214?
5
What is the millions digit of 1545803?
1
What is the hundreds digit of 167673?
6
What is the thousands digit of 326758?
6
What is the units digit of 326162?
2
What is the hundreds digit of 4316638?
6
What is the thousands digit of 12815736?
5
What is the millions digit of 3515394?
3
What is the hundreds digit of 4749084?
0
What is the hundreds digit of 11011?
0
What is the ten thousands digit of 376930?
7
What is the tens digit of 99908?
0
What is the thousands digit of 39393658?
3
What is the units digit of 1098878?
8
What is the hundreds digit of 351785?
7
What is the millions digit of 3057331?
3
What is the hundreds digit of 287026?
0
What is the millions digit of 4926745?
4
What is the thousands digit of 355288?
5
What is the hundreds digit of 3677497?
4
What is the ten thousands digit of 5556642?
5
What is the ten thousands digit of 1904019?
0
What is the thousands digit of 566025?
6
What is the millions digit of 10275388?
0
What is the ten thousands digit of 20073613?
7
What is the tens digit of 1258305?
0
What is the hundreds digit of 722420?
4
What is the hundreds digit of 3411178?
1
What is the thousands digit of 121589?
1
What is the millions digit of 1124754?
1
What is the hundred thousands digit of 599226?
5
What is the ten thousands digit of 1618200?
1
What is the ten thousands digit of 1957003?
5
What is the ten thousands digit of 318472?
1
What is the thousands digit of 1423013?
3
What is the ten thousands digit of 69356?
6
What is the hundred thousands digit of 338842?
3
What is the ten thousands digit of 15494613?
9
What is the units digit of 11470041?
1
What is the ten thousands digit of 1431662?
3
What is the hundred thousands digit of 479833?
4
What is the units digit of 3850669?
9
What is the tens digit of 14689064?
6
What is the thousands digit of 248495?
8
What is the millions digit of 7374601?
7
What is the ten thousands digit of 5857910?
5
What is the ten thousands digit of 249680?
4
What is the hundred thousands digit of 9297043?
2
What is the millions digit of 7260958?
7
What is the hundred thousands digit of 471564?
4
What is the ten thousands digit of 433005?
3
What is the ten thousands digit of 6646462?
4
What is the units digit of 435618?
8
What is the hundreds digit of 38772?
7
What is the hundreds digit of 100435?
4
What is the millions digit of 1298698?
1
What is the ten thousands digit of 36485?
3
What is the hundreds digit of 269847?
8
What is the hundred thousands digit of 678117?
6
What is the units digit of 579?
9
What is the thousands digit of 256945?
6
What is the hundred thousands digit of 580129?
5
What is the units digit of 5335164?
4
What is the thousands digit of 518073?
8
What is the thousands digit of 16724398?
4
What is the hundred thousands digit of 138033?
1
What is the units digit of 7763433?
3
What is the thousands digit of 703044?
3
What is the hundreds digit of 139076?
0
What is the millions digit of 3232878?
3
What is the units digit of 8646778?
8
What is the units digit of 93486?
6
What is the hundreds digit of 1475821?
8
What is the millions digit of 1098872?
1
What is the hundreds digit of 309715?
7
What is the units digit of 58576?
6
What is the hundred thousands digit of 492139?
4
What is the hundred thousands digit of 2400802?
4
What is the units digit of 77100?
0
What is the thousands digit of 410959?
0
What is the hundreds digit of 838660?
6
What is the tens digit of 555328?
2
What is the ten thousands digit of 50964?
5
What is the units digit of 30710?
0
What is the tens digit of 773485?
8
What is the hundreds digit of 264431?
4
What is the tens digit of 1002004?
0
What is the ten millions digit of 33046776?
3
What is the thousands digit of 9285265?
5
What is the ten thousands digit of 2779602?
7
What is the ten thousands digit of 285144?
8
What is the millions digit of 1123080?
1
What is the tens digit of 7712392?
9
What is the units digit of 243463?
3
What is the tens digit of 3286676?
7
What is the hundred thousands digit of 1175799?
1
What is the units digit of 27791665?
5
What is the units digit of 602364?
4
What is the ten millions digit of 10304160?
1
What is the thousands digit of 5848?
5
What is the ten thousands digit of 269472?
6
What is the ten thousands digit of 871107?
7
What is the ten thousands digit of 140393?
4
What is the hundreds digit of 2428375?
3
What is the tens digit of 806322?
2
What is the hundred thousands digit of 2627849?
6
What is the hundred thousands digit of 10786762?
7
What is the hundreds digit of 87060?
0
What is the hundred thousands digit of 4252522?
2
What is the thousands digit of 4784506?
4
What is the thousands digit of 2016867?
6
What is the thousands digit of 5186389?
6
What is the ten thousands digit of 2387520?
8
What is the millions digit of 4555045?
4
What is the units digit of 9199392?
2
What is the ten thousands digit of 1862115?
6
What is the millions digit of 24882598?
4
Wha